-l + 306 = -862. Let r = l + k. Is r a composite number?
False
Let u(f) = -4*f - 7. Let k be u(-3). Suppose -2*o + 20 = 4*s - 2*s, 2*s = 3*o - k. Suppose b = 6*b + o, -2*b = 2*j - 644. Is j prime?
False
Suppose 0 = -3*c - 3*h + 41751 + 287211, -c + 5*h = -109696. Is c a composite number?
False
Suppose -15*w - 20*w = -805. Suppose 0 = 4*d - 4*u - 9708, w*d = 20*d + u + 7285. Is d a composite number?
True
Let p be (-13256)/12 + (-6)/(-9). Let n = p - -2301. Suppose -4*r + 1679 + n = 0. Is r composite?
False
Let g(o) = -293*o - 59. Let v be g(12). Let y = 9618 + v. Is y a prime number?
True
Let x(a) = -25*a**2 - 9*a - 9. Let s be x(-6). Let g = s + 1732. Is g a prime number?
True
Is 87/(-17) + 5 - 13410386/(-34) prime?
False
Let a(w) = 10*w**2 - 14*w + 51. Let n be (-123)/9 + 16/24. Is a(n) composite?
True
Let u be (318/(-4))/((-25)/(-5350)). Let c = -12082 - u. Is c prime?
True
Is 164437020/1815 + (-2)/(-22) prime?
True
Let l(a) be the first derivative of 231*a**2 - 13*a - 146. Is l(17) a prime number?
True
Let o(k) = 70*k**2 - 15*k + 1353. Is o(-52) prime?
True
Suppose -12185 + 35777 = -4*r. Is -14*r/(-4)*16/(-48) composite?
True
Let s(j) = 335*j + 449*j + 0 + 69 + 348*j. Is s(4) prime?
True
Let w(n) = n**2 - 20*n + 1. Let d be w(18). Let f = d + 38. Suppose -3*i + 285 = 2*h, -f*i - 6*h + 282 = -3*h. Is i composite?
False
Suppose 3*j - 871780 = -w, 8*w + 1162371 = 4*j + 7*w. Is j composite?
False
Suppose -4*g + 4*s + 8 = 0, 2*s + 1 - 9 = -2*g. Suppose -4*r + g = 7. Let d(b) = -2950*b - 11. Is d(r) composite?
False
Suppose -2*s = -3*p + 43, -2*p = p + 4*s - 31. Is p/(234/27)*45538/3 composite?
False
Is (-12)/(12 + 90/(-10)) - 103*-9297 composite?
False
Let k(y) be the first derivative of -5*y**2 - 12 + y + 19/3*y**3. Is k(-5) a composite number?
True
Let v(m) = -m**3 + 6*m**2 + 5*m - 6. Let g be v(7). Is (54 - -4)/(g/(-590)) a prime number?
False
Let d(r) = -7*r - 2 - 61*r + 12*r. Let a be d(-2). Suppose a - 21 = v. Is v a composite number?
False
Let q(v) = v**3 + 36*v**2 - 75*v + 52. Let p be q(-38). Suppose 0 = p*w - 12*w - 1334. Is w a prime number?
False
Let u = -273517 + 458484. Is u prime?
True
Is 10/45*27841887/18 a composite number?
False
Let y = -9 + 11. Let t(a) = -80*a + 5. Let q be t(-3). Suppose -5*s + q = y*s. Is s a prime number?
False
Is (2/6)/(42/19714527)*(11 - -3) a composite number?
True
Suppose -4*k - v - 444 = -4*v, 2*k + 5*v + 196 = 0. Let h = 106 + k. Is (-40953)/(-55) + h/(-5) composite?
True
Suppose f = r - 99, -2*f + 6*r - 193 = 3*r. Let b = f + 361. Is b composite?
False
Suppose 0 = c - 13 + 8. Let z be (-2 - c/(-5)) + 33. Let h = 47 - z. Is h a composite number?
True
Let p be 1946/30 + (-20)/(-150). Let j be (-2)/13 - (-1245)/p. Suppose j = -11*a + 12*a. Is a composite?
False
Let l be (1 - -4) + 499 + (-42)/(-2). Let u be (-236 - -1) + 3 + -2. Let g = u + l. Is g a composite number?
True
Let a be (9/(-3) - -2)*3. Let i(l) be the second derivative of -53*l**3/2 + 2*l**2 - 41*l + 2. Is i(a) composite?
True
Is -7 + (-340)/20 - -249587 prime?
True
Let v = -62 + 64. Suppose v*y - 11 = -5. Suppose t = 3*t - 5*u - 1001, 0 = t - y*u - 502. Is t composite?
True
Let l be 79/(-8) + (7/8)/(-7). Let v be (1828 + -10)/((-3)/l). Let q = -3353 + v. Is q prime?
True
Let f(o) = 70*o**2 - 3*o + 2. Let x be f(1). Let j = x - 65. Suppose -2*h + 4*q + 678 = 0, q - 15 = j*q. Is h composite?
True
Let w(v) = 4 + 4*v**3 - v**2 - 3*v**3 + 0 + v**3. Let l be w(5). Let s = -147 + l. Is s a composite number?
True
Suppose m + 2*v = 3*m - 2, 5 = v. Suppose 3*z - 6461 = -2*w, 0 = 5*w + 1 - m. Is z composite?
False
Suppose 4*g + 2*l = 26426, 0*g + 9*l = -4*g + 26391. Is g composite?
True
Let c be (-2)/(-6) + (-78895)/93. Let b = c + 3453. Is b a prime number?
False
Let h be -226 - 19/(57/(-18)). Let f = -91 - h. Is f prime?
False
Let s(g) = -5*g + 9. Let a be s(3). Let q be 28/42 + (-68)/a. Is 2094/4*(5 - 44/q) prime?
False
Let b = -517 - -482. Is (-5)/(-35) + (1 - 122845/b) a prime number?
True
Suppose 6*u = 254 + 3502. Suppose -85476 = u*a - 638*a. Is a a composite number?
True
Let x = -147 + 309. Suppose 2*v = -x - 1090. Let k = -423 - v. Is k composite?
True
Suppose 3*h = 4*h - 5*h. Let x(f) be the first derivative of -f**4/4 + f**3/3 + f**2/2 + 485*f + 11. Is x(h) a prime number?
False
Suppose 0 = -5*p + 3*p - 106. Let m = p + 56. Is 0*(m + -4) - -287 prime?
False
Let u(x) = -2*x**3 + 6*x**2 - 1. Let j be u(3). Let o be -2 - -669 - (0 + j). Let s = 545 + o. Is s a composite number?
False
Suppose -3*k + 165210 = 11*k + 16*k. Is k composite?
False
Suppose 5*w = -4*r + 208 + 806, 4*r + 198 = w. Suppose 0 = -z + w + 1459. Is z a prime number?
False
Let q(m) = m**3 + 4*m**2 + 4*m - 2. Let t be q(-2). Let z be 1/(-3 + t + 3)*0. Is (-1938)/((-24)/4)*(z + 1) a prime number?
False
Let t = 181 + -182. Is 126/84*(2553 - t) a composite number?
True
Suppose -5*d + 35 = -3*p, 4*p = -p - 4*d - 46. Let c be 8/5 + (-4)/p. Is c - ((-6)/3 + -53) prime?
False
Suppose 0 = 3*w + 5*x - 314871, 3*w - 121069 = 5*x + 193742. Is w a composite number?
False
Suppose -13*a = -3*a - 520. Suppose -12*q - a = -16*q. Is (-2)/(27072/(-173940) + 2/q) prime?
False
Suppose -212*q = 92*q - 521965264. Is q a prime number?
True
Suppose 0 = -2*d + a + 76, 3*d + 3*a - 123 = -0*d. Suppose 750 = -33*f + d*f. Suppose 0 = -145*k + 150*k - f. Is k composite?
True
Suppose -99 = 9*s + 306. Let m = 2540 + s. Is m prime?
False
Suppose -4 - 2 = -2*i. Suppose -i*s = -610 - 323. Let u = s + 66. Is u a prime number?
False
Suppose -3*z - 2*b + 4*b + 16 = 0, -2*b - 10 = -2*z. Let s be (z - 3) + 3 + (2 - 5). Suppose -y + 7481 = s*d, -5*d + 13764 = y + 1293. Is d a composite number?
True
Suppose -5*j + 30 = k, 0*j + 2*j + 3*k - 25 = 0. Suppose 0 = -3*r + r + x + 2998, j*r = -5*x + 7465. Is r a composite number?
True
Let h(t) = -2*t - 7. Let w be h(-5). Let d(q) = -30 - 12*q**2 + q**3 + w*q**2 + 2*q + 4*q**2. Is d(7) composite?
True
Suppose 2*n - 5*f = -2*n - 341, -5 = -f. Let i = n - -85. Is ((-4)/i)/(26/(-40677)) a prime number?
False
Suppose -c + 4*f + 282755 = 0, -2*f - 1558108 + 426990 = -4*c. Is c a prime number?
False
Suppose -2*d + 10 = -0*d. Suppose d*i = -2*n + 12, -3*n = -3*i + 2*n + 1. Suppose k - 100 = -b - i*b, 5*b = -3*k + 160. Is b a prime number?
False
Let n(t) = 35*t**3 - 6*t**2 - 13*t + 29. Suppose -109*p = -107*p - 10. Is n(p) prime?
False
Is 628/10*(-16435)/(-346) a composite number?
True
Suppose -5*h - 12*p + 1080822 = -16*p, h = 4*p + 216190. Is h a prime number?
False
Is 0*((-4)/2 - (-145)/58) + 163753 composite?
False
Let f(j) = -20*j**3 + 68*j**2 - 234*j + 19. Is f(-17) prime?
True
Suppose 79*l + 7860 = 81*l. Let y = l - 571. Is y composite?
False
Let r(a) = a**2 + 9*a + 10. Let k be r(-9). Is (3 - 2) + (k + 13734 - -2) composite?
True
Suppose t - 4*k + 650 = 14, -3*t - 1908 = -4*k. Let j(i) = 91*i + 92. Let x be j(11). Let q = x + t. Is q composite?
False
Suppose p + 7433 = 6*p + 3*a, -p + 2*a + 1497 = 0. Let u = p - -13. Let n = -603 + u. Is n prime?
False
Suppose -72*o + 39*o + 8919942 = 249*o. Is o a prime number?
False
Let u(c) be the second derivative of -843*c**3 + 43*c**2/2 - 56*c - 1. Is u(-3) a prime number?
True
Suppose 2*c - 4*y + 8 = 0, 3*c - 5*c - 4*y = 8. Let d be 4/((-1)/4*c) - 2. Suppose 389 = 3*b - d*b. Is b prime?
True
Suppose 169730 = -3*t - 4*j + 1285653, 2*j = -t + 371973. Is t composite?
True
Suppose -4*y = -3*d + 19 + 4, -4*d + 19 = -3*y. Let f(u) = 14498*u + 5. Is f(d) a composite number?
False
Let k(q) = -q**3 + 95*q**2 + 20*q - 99. Is k(59) composite?
False
Is (-4*(-12)/72)/((-4)/(-1059846)) prime?
True
Suppose 7*s = 10*s - 24. Suppose -s*z - 7 - 9 = 0. Let g(w) = -69*w**3 - 2*w**2 + 4*w + 5. Is g(z) a prime number?
True
Let p be -147*-11*9/27. Let t be 2*-20*(0 - -4). Let x = p + t. Is x composite?
False
Let s be ((-490)/147)/((-1)/(-3)). Is 8648 - (275/(-44) - s/8) composite?
True
Let k = -14 - -17. Suppose -k*v + 9 = u + u, 0 = -3*u. Is (-1770)/(-2) + v + -1 a composite number?
False
Let n = -41 + 109. Let x = -64 + n. Suppose x*b - 124 = -a + 107, -5*b = -a + 186. Is a a prime number?
True
Is (-6 + (-5 + 4)*-3)*360973/(-3) composite?
False
Let o(p) = -86*p**3 - 17*p**2 + p + 143. Is o(-12) composite?
False
Suppose 6*t + 650036 = 4*t - 2*i, -130